the remainder when -4 - (-64)/4 - 2 is divided by (g - -10)*4/6?
4
Let q(b) = b - 1. Let o be q(13). Suppose -3*k = -n + k + o, 2*n + k - 24 = 0. Calculate the remainder when 47 is divided by n.
11
Suppose 0 = 3*i - 5*i + 4*s + 44, -4*i - 5*s = -36. What is the remainder when 25 is divided by i?
11
Let u(m) = 6*m - 1. Suppose -2*d + 22*d - 880 = 0. What is the remainder when d is divided by u(4)?
21
Let q(n) = n**3 + 3*n**2 + 2*n + 2. Let j be q(-2). Calculate the remainder when 3 + j/(-1) + 8 is divided by 5.
4
Let r(c) = 56*c - 1. Let u = -1 - -2. Suppose 114 = -0*q + 6*q. Calculate the remainder when r(u) is divided by q.
17
Let f(w) = w**2 + 2*w + 4. Calculate the remainder when 26 is divided by f(-3).
5
What is the remainder when 80/4 + 2/(-1) is divided by (-16 + 15)/((-2)/8)?
2
Suppose 3*p - 96 = -2*f, 4*p + 70 = -2*f + 3*f. What is the remainder when f is divided by 15?
9
Calculate the remainder when 1/(0 + 3/453) is divided by 38.
37
Let b(n) = -2*n. Let c be b(-6). Suppose 5*i + c = i. What is the remainder when 0 + 1/(i/(-171)) is divided by 15?
12
Suppose 93 = -3*a + 15. Let l = 49 + a. Calculate the remainder when l is divided by 8.
7
Suppose 5*x = x + 116. Suppose -5*p = -2*j + x, 3*j + p + 3*p = -14. Suppose -3*c = 2*c - 5*o - 50, 12 = c - j*o. What is the remainder when 13 is divided by c?
5
Suppose -2*p + 0*p + 66 = 0. Let o be (-6)/(-33) - 402/p. Let r = 29 + o. What is the remainder when r is divided by 5?
2
Suppose -k = -49 - 9. Calculate the remainder when k is divided by 20.
18
Suppose v + v = 28. What is the remainder when 1 + -3 - (-39 + -3) is divided by v?
12
Suppose 5 - 15 = -2*s. Calculate the remainder when (-1)/(-5) - (-68)/10 is divided by s.
2
Suppose -3*w + 0*w = -3. Let x = w + 48. Calculate the remainder when x is divided by (374/55)/((-4)/(-10)).
15
Let l(c) = 10*c + 59. Calculate the remainder when 117 is divided by l(0).
58
Let y be (-4)/16 - 1/(-4). Let q = 3 - y. Suppose -5 = -2*f + q*f, -4*a - 5*f + 47 = 0. Calculate the remainder when 33 is divided by a.
15
Let o be (-1 - -1) + 1 + 4. Let m = o - -4. What is the remainder when 24 is divided by m?
6
Let w(y) = y**3 - 4*y**2 + 3*y - 1. Let r be w(2). Let u be 3/((-99)/30 - r). Calculate the remainder when 64 is divided by (8/u)/((-4)/110).
20
Let o = 63 - -361. Suppose 5*s + 179 = 4*z - 166, -s = 5*z - o. What is the remainder when z is divided by 22?
19
Suppose -5*n + 2*n + 27 = -i, 4*n - i = 37. Suppose 3*c - n = 128. What is the remainder when c is divided by 16?
14
Let r be (1400/(-12))/5*-3. Suppose 0 = -3*f + 53 + r. What is the remainder when f is divided by 14?
13
Let u = 24 - 12. Calculate the remainder when 47 is divided by u.
11
Suppose -6*k + 3*k + 15 = 0. Let t = 5 + k. Calculate the remainder when 39 is divided by t.
9
Let q(y) = 3*y**2 - 2*y - 3. Suppose -5*v - 222 = -11*v. Calculate the remainder when v is divided by q(-2).
11
Suppose 0 = 7*b - 9*b + 18. Let r(p) = -p**3 - 3*p**2 + 1. Let f = 0 - 4. Calculate the remainder when r(f) is divided by b.
8
Let t(k) = 19*k**2 - k + 1. Let f be t(1). Calculate the remainder when 37 is divided by (f/2)/((-2)/(-4)).
18
Let k be 8/(-20) - (-118)/(-5). What is the remainder when (5/3 - 3)*k is divided by 17?
15
Let x(c) = -c**2 - 8*c - 9. Let o(s) = -2*s - 7. Suppose -2*m = 6 + 8. Calculate the remainder when o(m) is divided by x(-6).
1
Let g = -3 - 0. Let u be (28 - 18)*2/4. Let y = g + u. What is the remainder when y is divided by 1?
0
Let l(x) = -2*x**3 - 3*x**2 - x. Let s be l(-2). Suppose 3*g = 6*g - s. Calculate the remainder when 6 is divided by g.
0
Suppose -8 + 7 = o. Calculate the remainder when 182/(-7)*o/2 is divided by 7.
6
Suppose -2*f + 8 = -12. Let h = 17 - f. Suppose -q + 26 = q. Calculate the remainder when q is divided by h.
6
Suppose 2 = 4*q - 10. Suppose 51 = -0*f + q*f. What is the remainder when 31 is divided by f?
14
What is the remainder when (210/(-4))/(1/(-2)) is divided by 18?
15
Let c(j) = -j**3 - 5*j**2 + 3*j + 4. Let i be c(-6). Let g = i - 8. Suppose -100 = -4*o + 4*d, 2*o + d = 4*d + 48. What is the remainder when o is divided by g?
13
Let p(z) = 3*z**2 - 6*z + 3. What is the remainder when p(6) is divided by 26?
23
Let d = 8 + -5. Calculate the remainder when 30 is divided by ((-11)/(-3))/(1/d).
8
Let h = -3 - -2. Let o(v) = 5*v**3 - v. What is the remainder when h + 4 + (-1 - -9) is divided by o(1)?
3
Suppose v - 11 = l - 4, -15 = -3*v + l. Let t = 0 - -4. Let i(f) = f**2 - 3*f - 1. What is the remainder when v is divided by i(t)?
1
Let a = -39 - -57. Let b(m) = -m**3 + 3*m**2 + 2*m + 1. What is the remainder when a is divided by b(3)?
4
Let q = 13 + -11. What is the remainder when 18 is divided by q/6 - 180/(-27)?
4
What is the remainder when 42 is divided by 13 + 3/(-6)*-4?
12
Let q be (22/(-12) + 1)*-6. Suppose -5*o + 14 = 4*n - 0*o, 0 = 5*n - q*o - 40. Calculate the remainder when 11 is divided by n.
5
Suppose 4*v + 5*x + 6 = 0, 8*v - 4*v - 8 = 2*x. Let n(r) = v + 2*r**2 - r**2 + r + 2*r. Calculate the remainder when n(3) is divided by 7.
5
Let r = 5 - -9. Suppose 2*u = -u. Suppose w = -u*w + 5. What is the remainder when r is divided by w?
4
Suppose 4*h = -0*h - 4, h = 4*c - 81. Let d = -5 + c. What is the remainder when 28 is divided by d?
13
Let f = 24 + -20. Suppose 0 = -l - 3*g - 0*g + 3, 4*l + f*g = 20. Calculate the remainder when 13 is divided by l.
1
Let s = 24 - 7. Calculate the remainder when 33 is divided by s.
16
Suppose -3 = -r + 2. Suppose 20 = r*b - 25. Let g(m) = -13*m - 1. Calculate the remainder when g(-2) is divided by b.
7
Suppose -517 = -4*v - 149. Calculate the remainder when v is divided by 31.
30
Let h = -3 - -5. Suppose h*y = -5*s + 37, 0 = -2*s + 5*y - 0*y + 38. Let i(z) = z**2 - 8*z - 5. Calculate the remainder when i(s) is divided by 3.
1
Suppose 0 = -3*a + 39 - 6. Calculate the remainder when a is divided by 7.
4
Let x = 28 + -16. Calculate the remainder when 20/6*18/x is divided by 2.
1
Let v be 2*3*(-3)/(-9). Let i(h) be the second derivative of 4*h**3 - h**2 - 2*h. What is the remainder when i(v) is divided by 12?
10
Let v(z) = z**2 + 3*z + 3. Let s be v(3). Suppose 0 = -y + 25 + s. What is the remainder when y is divided by 12?
10
Let z = -30 + 54. Calculate the remainder when z is divided by ((-18)/4)/((-2)/4).
6
Suppose -4*p = 2*c - 0*p - 168, 4*p = 2*c - 128. Suppose 2*b - 5*i - c = 0, 0*i + 67 = b + 5*i. Let s = -25 - -37. What is the remainder when b is divided by s?
11
Let g = 5 - 1. Suppose 0*m + g*m - 21 = -a, -m - 6 = -2*a. Suppose -3*q - 27 = -z + q, -m*z - q + 23 = 0. What is the remainder when 20 is divided by z?
6
Let s(c) = c**3 + 9*c**2 + 5*c + 1. Let v be s(-4). Let l = v - 21. Calculate the remainder when l is divided by 14.
12
Let l(h) be the third derivative of 7/6*h**3 + 0 + 1/60*h**5 - 2*h**2 + 0*h + 0*h**4. Calculate the remainder when 12 is divided by l(0).
5
Let b(w) = -2*w**3 + 18*w**2 + 2*w + 7. Suppose 0 = -6*h + h + 70. Calculate the remainder when b(9) is divided by h.
11
Let j = 102 + -52. Suppose 6*b - j = b. What is the remainder when 39 is divided by b?
9
Suppose 0 = q - 2*q - 17. Let a = q - -24. Suppose -53 + 13 = -2*h. What is the remainder when h is divided by a?
6
Let u = 16 - 10. Calculate the remainder when 16 is divided by u.
4
Suppose 2*p - 28 = -2*p. Let g(w) = -w**2 - 11*w - 17. What is the remainder when g(-6) is divided by p?
6
Let q(a) = -a + 6. What is the remainder when q(0) is divided by 3?
0
Let v = 34 + 1. Calculate the remainder when v is divided by 20.
15
Suppose -7*t = -5*t + z - 31, 5*z - 53 = -4*t. Calculate the remainder when 83 is divided by t.
15
Let u = 50 + -40. Calculate the remainder when 35 is divided by u.
5
Suppose l + 5*f = 74, l - 4*f - 19 = 28. Let w = -3 - -5. Suppose c - 5*v - 5 = 0, w*c - c - 25 = -5*v. What is the remainder when l is divided by c?
14
Calculate the remainder when 18 is divided by -1 - (-2)/(6/15).
2
Let b = 36 + -3. Calculate the remainder when b is divided by 12.
9
Suppose -4*v + y - 6*y = -324, 2*y = -5*v + 405. Calculate the remainder when v is divided by 12.
9
Let q = -13 - -61. Calculate the remainder when q is divided by 15.
3
Suppose 3*k = k - 3*t + 28, 5*t - 7 = -k. Let q = 23 - k. What is the remainder when 16 is divided by q